 3) is divided by 26?
24
Suppose 0 = 2*b + 2*b. Let g = 3 + b. Suppose 21 = -g*v - 5*u + 4, -5*u - 20 = 0. What is the remainder when 1 is divided by v?
0
Let h(m) = -m**3 - 9*m**2. Let c be h(-9). Suppose c = 2*i - 3*i, 0 = 4*z + 5*i - 52. Let q = -45 + 70. What is the remainder when q is divided by z?
12
Suppose -t + 3 = -1. Let u be -3 - -1 - t*-1. Suppose -w - u*x = -0*w - 8, -4*w = 2*x - 26. What is the remainder when 16 is divided by w?
4
Suppose 3*z + a + 5 = -z, -5*z + 5*a = 0. Let n = 1 - z. What is the remainder when 3 is divided by n?
1
Let i(o) = -7*o - 1. Suppose -k - 3*r + 3 = 0, 4*k + 3*r = 5*r - 16. Calculate the remainder when (-4)/((-12)/(-17))*k is divided by i(-1).
5
Suppose -3*r + 18 = -30. Suppose -2*i = 77 + 21. Let z = 95 + i. What is the remainder when z is divided by r?
14
Let q be (-81)/4 + (-2)/(-8). Calculate the remainder when ((-5)/q)/(2/8) is divided by 1.
0
Let j(l) = -l**2 - 9*l - 5. What is the remainder when j(-6) is divided by 7?
6
Let m = 31 + -19. Calculate the remainder when 58 is divided by m.
10
Calculate the remainder when 27 is divided by 2/9 - 704/(-72).
7
Suppose 7*d + 244 = 9*d. Calculate the remainder when d is divided by 41.
40
Let k = 33 + -23. Calculate the remainder when 47 is divided by k.
7
Let n(x) = -x**2 - 9*x + 14. Suppose 8 = 3*j - 28. Suppose -5*t + 8*t - j = 0. What is the remainder when n(-9) is divided by t?
2
Suppose -5*n = 6*v - v - 615, 0 = -2*n + 2*v + 230. Let r = -65 + n. Suppose 3*d = -0*d + r. Calculate the remainder when d is divided by 10.
8
Suppose 0 = -2*d + 4*f + 22, -f - 1 + 2 = 0. What is the remainder when d is divided by 5?
3
Let i = -12 + 23. What is the remainder when 20 is divided by i?
9
Suppose -1 = 4*k - 3*w - 6, w + 20 = 5*k. Let n = 0 - 7. Let u = -4 - n. What is the remainder when k is divided by u?
2
Suppose 5*c - 10 - 30 = -5*t, t + 2 = -3*c. What is the remainder when 31 is divided by t?
5
Suppose -145 = -5*k - 2*f, 4*k - k - 5*f - 118 = 0. Calculate the remainder when 91 is divided by k.
29
Let q = 270 - 138. What is the remainder when q is divided by 35?
27
Let c(v) = v**2 - 21*v - 29. Calculate the remainder when c(24) is divided by 11.
10
Suppose j + 2 = -2, 3*a - j = 88. Let y = 15 - 22. What is the remainder when a is divided by 7*(50/y)/(-5)?
8
Suppose -i + 20 = -4*w, 0 = -2*i + 3*w + w + 28. Calculate the remainder when i is divided by 5.
3
Suppose -72 - 8 = -5*o. Let h = -11 + o. Calculate the remainder when 14 is divided by h.
4
Suppose 4*w = g + 3*g - 88, 4*w + 40 = 2*g. What is the remainder when 45 is divided by g?
21
Suppose -15 = 5*t + 5*s, -3*t = -t - 2*s - 6. Suppose -2*d + 2*m + 36 = -3*m, t = -d - 4*m + 18. What is the remainder when 34 is divided by d?
16
Let a be (-243)/(-18)*(-16)/6. Let k = -21 - a. What is the remainder when 29 is divided by k?
14
Suppose -4*s + 42 = d - 38, 2*d - 84 = -4*s. Suppose -3*y + 5*v = -6*y + 1, -y = -5*v - 27. What is the remainder when s is divided by y?
5
Suppose 5*h - 3 = 32. Let b be ((-3)/(-1))/((-3)/(-6)). Suppose 3*w - 6 = b. Calculate the remainder when h is divided by w.
3
Let k = 15 + -41. Let w = k + 45. What is the remainder when w is divided by 10?
9
Let b(a) = a**2 + 2*a + 1. Let r be b(-1). Suppose 3*u - 85 - 38 = r. What is the remainder when u is divided by 11?
8
Let c = -1 - -4. What is the remainder when c is divided by 2?
1
Let a(h) = h**2 - 4*h. Let q be a(4). Suppose b + 2 = -l + 19, -5*l = -25. Suppose -u - u + b = q. Calculate the remainder when 10 is divided by u.
4
Suppose -119 = -10*t + 131. Calculate the remainder when 56 is divided by t.
6
Let w(p) = -4*p**3 + p**2 - p - 1. Let a be 5 + -2 + (-8)/2. What is the remainder when 14 is divided by w(a)?
4
Let t = 1 + 12. Suppose -r + 35 - 11 = 0. What is the remainder when r is divided by t?
11
What is the remainder when 3/1 + 3 + -2 is divided by 1/3 - (-10)/6?
0
Let f(j) = 4*j**3 - j**2 + j. Let c be f(1). Suppose -3*y + 1 - c = -2*s, 3*y + 3*s - 12 = 0. Calculate the remainder when y + 0 + 198/3 is divided by 23.
21
Let k(m) = -m + 6. Let i be k(6). What is the remainder when 2*-2*(1 - 2) is divided by 0 + 2 + (1 - i)?
1
Suppose -6*x - 49 = -3*s - x, 4*s = -4*x + 44. What is the remainder when s is divided by 3?
1
Suppose -s + 33 = 17. Calculate the remainder when 141 is divided by s.
13
Calculate the remainder when (-4 - 26/(-6)) + 123/9 is divided by 3.
2
Calculate the remainder when 159 is divided by 4/(-6)*123/(-2).
36
Let y(h) = -4 - 3*h + 2 - 5 + 2. What is the remainder when 26 is divided by y(-4)?
5
Let x(h) = -4*h**3 - 8*h**2 + 6*h + 9. Calculate the remainder when x(-4) is divided by 29.
26
Calculate the remainder when (-1736)/(-35) + (-4)/(-10) is divided by 13.
11
Let a(w) = w + 2. Let p be a(3). Suppose 23 - 8 = -p*f. Let x = f + 11. Calculate the remainder when 14 is divided by x.
6
Suppose 0 = -4*o + 14 + 6. Suppose o*k - 9*k = -36. Suppose -2*v - 2*d = -12, 0 = 2*v - 2*d + 5 - 13. Calculate the remainder when k is divided by v.
4
Let u = -118 - -120. Calculate the remainder when u is divided by (-8)/(-6) - 1/3.
0
Suppose 7 = 3*u - 8. Suppose u*a - 7*a = 0. Let l(c) = -c**3 - c**2 + c + 18. What is the remainder when 53 is divided by l(a)?
17
Let a = 108 + -64. Let i = a - 3. What is the remainder when i is divided by 14?
13
Suppose -a - 3*p + 28 = -0*a, -3*p = -a + 22. Let k be ((-13)/(-2))/((-1)/(-2)). What is the remainder when a is divided by 4*k*(-2)/(-8)?
12
Let f(b) = 5*b - 26. What is the remainder when 21 is divided by f(6)?
1
Let m be 1/(-2 - 46/(-22)). Suppose 2*u = 3*u - m. Suppose 6*a + 24 = 10*a. What is the remainder when u is divided by a?
5
Let y be 668/28 + (-3)/(-21). Let w = -6 + 27. Calculate the remainder when w is divided by y/(-18)*(-9)/2.
3
Suppose 6 = 4*j - 3*j. Calculate the remainder when j is divided by 3.
0
Let y = 1 - -15. Suppose 8*v - 4*v - y = 0. Calculate the remainder when 11 is divided by v.
3
Let u(g) be the second derivative of -3*g**4/4 - 5*g**3/6 - 2*g**2 + g. Let r be u(-3). What is the remainder when 10/r + (-142)/(-14) is divided by 6?
4
Suppose -5*c = -3*a - 0*a - 85, 0 = -4*a. Calculate the remainder when c is divided by 10.
7
Calculate the remainder when 32/(-40) + 216/20 is divided by -2*1/(-2)*4.
2
Let p(o) = 2*o + 17. Let k be p(-8). Let t(s) = 11*s**3 - s**2 - s + 2. Calculate the remainder when 21 is divided by t(k).
10
Let h(y) = y**3 - 9*y**2 + 8*y + 17. What is the remainder when 49 is divided by h(8)?
15
Let x(j) be the first derivative of j**4/4 + 7*j**3/3 - 5*j**2/2 + 3*j - 1. What is the remainder when x(-7) is divided by 10?
8
Suppose -2*j + 41 = -27. Calculate the remainder when 135 is divided by j.
33
Let m(d) = -d**2 - 9*d - 9. What is the remainder when 33 is divided by m(-6)?
6
Let p = -7 + 10. Suppose -4*s + p = -17. Calculate the remainder when 14 + (2 - (0 - -2)) is divided by s.
4
Calculate the remainder when (-592)/6*(-39)/26 is divided by 25.
23
Suppose -4*j + 2*j + 14 = 0. Let z(g) = -5 + 3 - 3*g**2 - 3*g + 5*g**2. What is the remainder when z(-2) is divided by j?
5
Suppose 45 = h + 13. Suppose 4*x = 8*x + h. What is the remainder when 428/16 - 2/x is divided by 14?
13
Let s = -191 + 201. Calculate the remainder when (52/6)/(2/9) is divided by s.
9
Suppose 0 = -5*v - g - 3*g + 25, -4*g + 16 = 4*v. Suppose -s - 20 = -4*i, 4 = 4*i - v*s + 4*s. Calculate the remainder when 11 is divided by i.
5
Let c be (-16)/(-12)*(-1 + 4). Let l = 58 + -116. What is the remainder when 42 is divided by c/8 - l/4?
12
Let a = 86 + -55. Suppose -g + 187 = 2*g + 4*t, -4*t + 126 = 2*g. What is the remainder when g is divided by a?
30
Let f(w) = w**2 - 5*w + 4. Suppose 2*h + 2*h = 4*a - 36, -5*a + 41 = -4*h. Calculate the remainder when f(a) is divided by 3.
1
Let k be -2*1*(1 + -2). Suppose -k*x = p - 10, 0 = -p + 4*x - 5*x + 10. Let j(w) = -w**3 + 7*w**2 - 6*w - 2. Calculate the remainder when j(5) is divided by p.
8
Let o(y) = y**3 - 27*y**2 + 32*y - 55. Calculate the remainder when o(26) is divided by 51.
50
Suppose 2*b = 5*v - 0*v - 63, -3*b + 32 = 4*v. Let g = 25 - 18. Calculate the remainder when v is divided by g.
4
Suppose 3*h - 62 = 3*j - 5, 0 = -5*h - 5*j + 105. Suppose -3*g = -2*i + 21, 3*g - 14 = 2*i + 7*g. Calculate the remainder when h is divide